{"id":75,"date":"2025-05-14T04:51:33","date_gmt":"2025-05-14T04:51:33","guid":{"rendered":"https:\/\/proyectosdigitalesdesk.com\/?page_id=75"},"modified":"2025-06-05T05:31:31","modified_gmt":"2025-06-05T05:31:31","slug":"mis-xv-anos-veronica","status":"publish","type":"page","link":"https:\/\/proyectosdigitalesdesk.com\/index.php\/mis-xv-anos-veronica\/","title":{"rendered":"Mis XV a\u00f1os Ver\u00f3nica"},"content":{"rendered":"\t\t<div data-elementor-type=\"wp-page\" data-elementor-id=\"75\" class=\"elementor elementor-75\">\n\t\t\t\t<div class=\"elementor-element elementor-element-e54ae96 e-flex e-con-boxed wpr-particle-no wpr-jarallax-no wpr-parallax-no wpr-sticky-section-no wpr-equal-height-no e-con e-parent\" data-id=\"e54ae96\" data-element_type=\"container\" data-e-type=\"container\">\n\t\t\t\t\t<div class=\"e-con-inner\">\n\t\t\t\t<div class=\"elementor-element elementor-element-2660ea8 elementor-widget elementor-widget-heading\" data-id=\"2660ea8\" data-element_type=\"widget\" data-e-type=\"widget\" data-widget_type=\"heading.default\">\n\t\t\t\t<div class=\"elementor-widget-container\">\n\t\t\t\t\t<h1 class=\"elementor-heading-title elementor-size-default\">Ver\u00f3nica<\/h1>\t\t\t\t<\/div>\n\t\t\t\t<\/div>\n\t\t\t\t<div class=\"elementor-element elementor-element-ff27d95 elementor-widget elementor-widget-heading\" data-id=\"ff27d95\" data-element_type=\"widget\" data-e-type=\"widget\" data-widget_type=\"heading.default\">\n\t\t\t\t<div class=\"elementor-widget-container\">\n\t\t\t\t\t<h1 class=\"elementor-heading-title elementor-size-default\">mis xv a\u00f1os<\/h1>\t\t\t\t<\/div>\n\t\t\t\t<\/div>\n\t\t\t\t<div class=\"elementor-element elementor-element-95d1db2 elementor-widget elementor-widget-text-editor\" data-id=\"95d1db2\" data-element_type=\"widget\" data-e-type=\"widget\" data-widget_type=\"text-editor.default\">\n\t\t\t\t<div class=\"elementor-widget-container\">\n\t\t\t\t\t\t\t\t\t<p>26 de Agosto de 2026<\/p>\t\t\t\t\t\t\t\t<\/div>\n\t\t\t\t<\/div>\n\t\t\t\t<div class=\"elementor-element elementor-element-9dfcffd elementor-widget elementor-widget-wp-widget-media_audio\" data-id=\"9dfcffd\" data-element_type=\"widget\" data-e-type=\"widget\" data-widget_type=\"wp-widget-media_audio.default\">\n\t\t\t\t<div class=\"elementor-widget-container\">\n\t\t\t\t\t<audio class=\"wp-audio-shortcode\" id=\"audio-75-1\" preload=\"none\" style=\"width: 100%;\" controls=\"controls\"><source type=\"audio\/mpeg\" src=\"https:\/\/proyectosdigitalesdesk.com\/wp-content\/uploads\/2024\/10\/Christina-Perri-A-Thousand-Years-2.mp3?_=1\" \/><source type=\"audio\/mpeg\" src=\"https:\/\/proyectosdigitalesdesk.com\/wp-content\/uploads\/2024\/10\/Christina-Perri-A-Thousand-Years-2.mp3?_=1\" \/><a href=\"https:\/\/proyectosdigitalesdesk.com\/wp-content\/uploads\/2024\/10\/Christina-Perri-A-Thousand-Years-2.mp3\">https:\/\/proyectosdigitalesdesk.com\/wp-content\/uploads\/2024\/10\/Christina-Perri-A-Thousand-Years-2.mp3<\/a><\/audio>\t\t\t\t<\/div>\n\t\t\t\t<\/div>\n\t\t\t\t<div class=\"elementor-element elementor-element-6144d9b elementor-widget elementor-widget-image\" data-id=\"6144d9b\" data-element_type=\"widget\" data-e-type=\"widget\" data-widget_type=\"image.default\">\n\t\t\t\t<div class=\"elementor-widget-container\">\n\t\t\t\t\t\t\t\t\t\t\t\t\t\t\t<img decoding=\"async\" width=\"150\" height=\"150\" src=\"https:\/\/proyectosdigitalesdesk.com\/wp-content\/uploads\/2025\/05\/26-150x150.png\" class=\"attachment-thumbnail size-thumbnail wp-image-70\" alt=\"\" srcset=\"https:\/\/proyectosdigitalesdesk.com\/wp-content\/uploads\/2025\/05\/26-150x150.png 150w, https:\/\/proyectosdigitalesdesk.com\/wp-content\/uploads\/2025\/05\/26-300x300.png 300w, https:\/\/proyectosdigitalesdesk.com\/wp-content\/uploads\/2025\/05\/26.png 420w\" sizes=\"(max-width: 150px) 100vw, 150px\" \/>\t\t\t\t\t\t\t\t\t\t\t\t\t\t\t<\/div>\n\t\t\t\t<\/div>\n\t\t\t\t<div class=\"elementor-element elementor-element-006428f elementor-widget elementor-widget-text-editor\" data-id=\"006428f\" data-element_type=\"widget\" data-e-type=\"widget\" data-widget_type=\"text-editor.default\">\n\t\t\t\t<div class=\"elementor-widget-container\">\n\t\t\t\t\t\t\t\t\t<p>\u00a0Quince primaveras se asoman en tu rostro, la juventud florece con un dulce encanto, eres un sue\u00f1o hecho realidad, mi tesoro, un destello de luz en este mundo tanto.<br \/>Tus ojos reflejan estrellas en el cielo, tu risa es m\u00fasica que alegra mi existencia, en tu mirada encuentro un amor tan bello, eres mi inspiraci\u00f3n, mi eterna presencia.<br \/>Hoy celebramos tus quince a\u00f1os de vida, un hito en tu camino, un nuevo comienzo, que la felicidad siempre est\u00e9 en tu vida.<\/p>\t\t\t\t\t\t\t\t<\/div>\n\t\t\t\t<\/div>\n\t\t\t\t\t<\/div>\n\t\t\t\t<\/div>\n\t\t<div class=\"elementor-element elementor-element-cb3410e e-flex e-con-boxed wpr-particle-no wpr-jarallax-no wpr-parallax-no wpr-sticky-section-no wpr-equal-height-no e-con e-parent\" data-id=\"cb3410e\" data-element_type=\"container\" data-e-type=\"container\">\n\t\t\t\t\t<div class=\"e-con-inner\">\n\t\t\t\t\t<\/div>\n\t\t\t\t<\/div>\n\t\t\t\t<\/div>\n\t\t","protected":false},"excerpt":{"rendered":"<p>Ver\u00f3nica mis xv a\u00f1os 26 de Agosto de 2026 \u00a0Quince primaveras se asoman en tu rostro, la juventud florece con un dulce encanto, eres un sue\u00f1o hecho realidad, mi tesoro, un destello de luz en este mundo tanto.Tus ojos reflejan estrellas en el cielo, tu risa es m\u00fasica que alegra mi existencia, en tu mirada encuentro un amor tan bello, eres mi inspiraci\u00f3n, mi eterna presencia.Hoy celebramos tus quince a\u00f1os de vida, un hito en tu camino, un nuevo comienzo, que la felicidad siempre est\u00e9 en tu vida.<\/p>\n","protected":false},"author":1,"featured_media":0,"parent":0,"menu_order":0,"comment_status":"closed","ping_status":"closed","template":"","meta":{"_uag_custom_page_level_css":"","site-sidebar-layout":"no-sidebar","site-content-layout":"","ast-site-content-layout":"full-width-container","site-content-style":"default","site-sidebar-style":"default","ast-global-header-display":"disabled","ast-banner-title-visibility":"disabled","ast-main-header-display":"","ast-hfb-above-header-display":"","ast-hfb-below-header-display":"","ast-hfb-mobile-header-display":"","site-post-title":"disabled","ast-breadcrumbs-content":"","ast-featured-img":"disabled","footer-sml-layout":"disabled","ast-disable-related-posts":"","theme-transparent-header-meta":"","adv-header-id-meta":"","stick-header-meta":"","header-above-stick-meta":"","header-main-stick-meta":"","header-below-stick-meta":"","astra-migrate-meta-layouts":"default","ast-page-background-enabled":"default","ast-page-background-meta":{"desktop":{"background-color":"var(--ast-global-color-4)","background-image":"","background-repeat":"repeat","background-position":"center center","background-size":"auto","background-attachment":"scroll","background-type":"","background-media":"","overlay-type":"","overlay-color":"","overlay-opacity":"","overlay-gradient":""},"tablet":{"background-color":"","background-image":"","background-repeat":"repeat","background-position":"center center","background-size":"auto","background-attachment":"scroll","background-type":"","background-media":"","overlay-type":"","overlay-color":"","overlay-opacity":"","overlay-gradient":""},"mobile":{"background-color":"","background-image":"","background-repeat":"repeat","background-position":"center center","background-size":"auto","background-attachment":"scroll","background-type":"","background-media":"","overlay-type":"","overlay-color":"","overlay-opacity":"","overlay-gradient":""}},"ast-content-background-meta":{"desktop":{"background-color":"var(--ast-global-color-5)","background-image":"","background-repeat":"repeat","background-position":"center center","background-size":"auto","background-attachment":"scroll","background-type":"","background-media":"","overlay-type":"","overlay-color":"","overlay-opacity":"","overlay-gradient":""},"tablet":{"background-color":"var(--ast-global-color-5)","background-image":"","background-repeat":"repeat","background-position":"center center","background-size":"auto","background-attachment":"scroll","background-type":"","background-media":"","overlay-type":"","overlay-color":"","overlay-opacity":"","overlay-gradient":""},"mobile":{"background-color":"var(--ast-global-color-5)","background-image":"","background-repeat":"repeat","background-position":"center center","background-size":"auto","background-attachment":"scroll","background-type":"","background-media":"","overlay-type":"","overlay-color":"","overlay-opacity":"","overlay-gradient":""}},"footnotes":""},"class_list":["post-75","page","type-page","status-publish","hentry"],"yoast_head":"<!-- This site is optimized with the Yoast SEO plugin v27.4 - https:\/\/yoast.com\/product\/yoast-seo-wordpress\/ -->\n<title>Mis XV a\u00f1os Ver\u00f3nica - ProyectosDigitalesDesk<\/title>\n<meta name=\"robots\" content=\"noindex, nofollow\" \/>\n<meta property=\"og:locale\" content=\"es_ES\" \/>\n<meta property=\"og:type\" content=\"article\" \/>\n<meta property=\"og:title\" content=\"Mis XV a\u00f1os Ver\u00f3nica - ProyectosDigitalesDesk\" \/>\n<meta property=\"og:description\" content=\"Ver\u00f3nica mis xv a\u00f1os 26 de Agosto de 2026 \u00a0Quince primaveras se asoman en tu rostro, la juventud florece con un dulce encanto, eres un sue\u00f1o hecho realidad, mi tesoro, un destello de luz en este mundo tanto.Tus ojos reflejan estrellas en el cielo, tu risa es m\u00fasica que alegra mi existencia, en tu mirada encuentro un amor tan bello, eres mi inspiraci\u00f3n, mi eterna presencia.Hoy celebramos tus quince a\u00f1os de vida, un hito en tu camino, un nuevo comienzo, que la felicidad siempre est\u00e9 en tu vida.\" \/>\n<meta property=\"og:url\" content=\"https:\/\/proyectosdigitalesdesk.com\/index.php\/mis-xv-anos-veronica\/\" \/>\n<meta property=\"og:site_name\" content=\"ProyectosDigitalesDesk\" \/>\n<meta property=\"article:modified_time\" content=\"2025-06-05T05:31:31+00:00\" \/>\n<meta property=\"og:image\" content=\"https:\/\/proyectosdigitalesdesk.com\/wp-content\/uploads\/2025\/05\/26.png\" \/>\n\t<meta property=\"og:image:width\" content=\"420\" \/>\n\t<meta property=\"og:image:height\" content=\"420\" \/>\n\t<meta property=\"og:image:type\" content=\"image\/png\" \/>\n<meta name=\"twitter:card\" content=\"summary_large_image\" \/>\n<meta name=\"twitter:label1\" content=\"Tiempo de lectura\" \/>\n\t<meta name=\"twitter:data1\" content=\"1 minuto\" \/>\n<script type=\"application\/ld+json\" class=\"yoast-schema-graph\">{\"@context\":\"https:\\\/\\\/schema.org\",\"@graph\":[{\"@type\":\"WebPage\",\"@id\":\"https:\\\/\\\/proyectosdigitalesdesk.com\\\/index.php\\\/mis-xv-anos-veronica\\\/\",\"url\":\"https:\\\/\\\/proyectosdigitalesdesk.com\\\/index.php\\\/mis-xv-anos-veronica\\\/\",\"name\":\"Mis XV a\u00f1os Ver\u00f3nica - ProyectosDigitalesDesk\",\"isPartOf\":{\"@id\":\"https:\\\/\\\/proyectosdigitalesdesk.com\\\/#website\"},\"primaryImageOfPage\":{\"@id\":\"https:\\\/\\\/proyectosdigitalesdesk.com\\\/index.php\\\/mis-xv-anos-veronica\\\/#primaryimage\"},\"image\":{\"@id\":\"https:\\\/\\\/proyectosdigitalesdesk.com\\\/index.php\\\/mis-xv-anos-veronica\\\/#primaryimage\"},\"thumbnailUrl\":\"https:\\\/\\\/proyectosdigitalesdesk.com\\\/wp-content\\\/uploads\\\/2025\\\/05\\\/26-150x150.png\",\"datePublished\":\"2025-05-14T04:51:33+00:00\",\"dateModified\":\"2025-06-05T05:31:31+00:00\",\"breadcrumb\":{\"@id\":\"https:\\\/\\\/proyectosdigitalesdesk.com\\\/index.php\\\/mis-xv-anos-veronica\\\/#breadcrumb\"},\"inLanguage\":\"es\",\"potentialAction\":[{\"@type\":\"ReadAction\",\"target\":[\"https:\\\/\\\/proyectosdigitalesdesk.com\\\/index.php\\\/mis-xv-anos-veronica\\\/\"]}]},{\"@type\":\"ImageObject\",\"inLanguage\":\"es\",\"@id\":\"https:\\\/\\\/proyectosdigitalesdesk.com\\\/index.php\\\/mis-xv-anos-veronica\\\/#primaryimage\",\"url\":\"https:\\\/\\\/proyectosdigitalesdesk.com\\\/wp-content\\\/uploads\\\/2025\\\/05\\\/26.png\",\"contentUrl\":\"https:\\\/\\\/proyectosdigitalesdesk.com\\\/wp-content\\\/uploads\\\/2025\\\/05\\\/26.png\",\"width\":420,\"height\":420},{\"@type\":\"BreadcrumbList\",\"@id\":\"https:\\\/\\\/proyectosdigitalesdesk.com\\\/index.php\\\/mis-xv-anos-veronica\\\/#breadcrumb\",\"itemListElement\":[{\"@type\":\"ListItem\",\"position\":1,\"name\":\"Portada\",\"item\":\"https:\\\/\\\/proyectosdigitalesdesk.com\\\/\"},{\"@type\":\"ListItem\",\"position\":2,\"name\":\"Mis XV a\u00f1os Ver\u00f3nica\"}]},{\"@type\":\"WebSite\",\"@id\":\"https:\\\/\\\/proyectosdigitalesdesk.com\\\/#website\",\"url\":\"https:\\\/\\\/proyectosdigitalesdesk.com\\\/\",\"name\":\"ProyectosDigitalesDesk\",\"description\":\"\",\"potentialAction\":[{\"@type\":\"SearchAction\",\"target\":{\"@type\":\"EntryPoint\",\"urlTemplate\":\"https:\\\/\\\/proyectosdigitalesdesk.com\\\/?s={search_term_string}\"},\"query-input\":{\"@type\":\"PropertyValueSpecification\",\"valueRequired\":true,\"valueName\":\"search_term_string\"}}],\"inLanguage\":\"es\"}]}<\/script>\n<!-- \/ Yoast SEO plugin. -->","yoast_head_json":{"title":"Mis XV a\u00f1os Ver\u00f3nica - ProyectosDigitalesDesk","robots":{"index":"noindex","follow":"nofollow"},"og_locale":"es_ES","og_type":"article","og_title":"Mis XV a\u00f1os Ver\u00f3nica - ProyectosDigitalesDesk","og_description":"Ver\u00f3nica mis xv a\u00f1os 26 de Agosto de 2026 \u00a0Quince primaveras se asoman en tu rostro, la juventud florece con un dulce encanto, eres un sue\u00f1o hecho realidad, mi tesoro, un destello de luz en este mundo tanto.Tus ojos reflejan estrellas en el cielo, tu risa es m\u00fasica que alegra mi existencia, en tu mirada encuentro un amor tan bello, eres mi inspiraci\u00f3n, mi eterna presencia.Hoy celebramos tus quince a\u00f1os de vida, un hito en tu camino, un nuevo comienzo, que la felicidad siempre est\u00e9 en tu vida.","og_url":"https:\/\/proyectosdigitalesdesk.com\/index.php\/mis-xv-anos-veronica\/","og_site_name":"ProyectosDigitalesDesk","article_modified_time":"2025-06-05T05:31:31+00:00","og_image":[{"width":420,"height":420,"url":"https:\/\/proyectosdigitalesdesk.com\/wp-content\/uploads\/2025\/05\/26.png","type":"image\/png"}],"twitter_card":"summary_large_image","twitter_misc":{"Tiempo de lectura":"1 minuto"},"schema":{"@context":"https:\/\/schema.org","@graph":[{"@type":"WebPage","@id":"https:\/\/proyectosdigitalesdesk.com\/index.php\/mis-xv-anos-veronica\/","url":"https:\/\/proyectosdigitalesdesk.com\/index.php\/mis-xv-anos-veronica\/","name":"Mis XV a\u00f1os Ver\u00f3nica - ProyectosDigitalesDesk","isPartOf":{"@id":"https:\/\/proyectosdigitalesdesk.com\/#website"},"primaryImageOfPage":{"@id":"https:\/\/proyectosdigitalesdesk.com\/index.php\/mis-xv-anos-veronica\/#primaryimage"},"image":{"@id":"https:\/\/proyectosdigitalesdesk.com\/index.php\/mis-xv-anos-veronica\/#primaryimage"},"thumbnailUrl":"https:\/\/proyectosdigitalesdesk.com\/wp-content\/uploads\/2025\/05\/26-150x150.png","datePublished":"2025-05-14T04:51:33+00:00","dateModified":"2025-06-05T05:31:31+00:00","breadcrumb":{"@id":"https:\/\/proyectosdigitalesdesk.com\/index.php\/mis-xv-anos-veronica\/#breadcrumb"},"inLanguage":"es","potentialAction":[{"@type":"ReadAction","target":["https:\/\/proyectosdigitalesdesk.com\/index.php\/mis-xv-anos-veronica\/"]}]},{"@type":"ImageObject","inLanguage":"es","@id":"https:\/\/proyectosdigitalesdesk.com\/index.php\/mis-xv-anos-veronica\/#primaryimage","url":"https:\/\/proyectosdigitalesdesk.com\/wp-content\/uploads\/2025\/05\/26.png","contentUrl":"https:\/\/proyectosdigitalesdesk.com\/wp-content\/uploads\/2025\/05\/26.png","width":420,"height":420},{"@type":"BreadcrumbList","@id":"https:\/\/proyectosdigitalesdesk.com\/index.php\/mis-xv-anos-veronica\/#breadcrumb","itemListElement":[{"@type":"ListItem","position":1,"name":"Portada","item":"https:\/\/proyectosdigitalesdesk.com\/"},{"@type":"ListItem","position":2,"name":"Mis XV a\u00f1os Ver\u00f3nica"}]},{"@type":"WebSite","@id":"https:\/\/proyectosdigitalesdesk.com\/#website","url":"https:\/\/proyectosdigitalesdesk.com\/","name":"ProyectosDigitalesDesk","description":"","potentialAction":[{"@type":"SearchAction","target":{"@type":"EntryPoint","urlTemplate":"https:\/\/proyectosdigitalesdesk.com\/?s={search_term_string}"},"query-input":{"@type":"PropertyValueSpecification","valueRequired":true,"valueName":"search_term_string"}}],"inLanguage":"es"}]}},"uagb_featured_image_src":{"full":false,"thumbnail":false,"medium":false,"medium_large":false,"large":false,"1536x1536":false,"2048x2048":false},"uagb_author_info":{"display_name":"proyectosdigitales_desk","author_link":"https:\/\/proyectosdigitalesdesk.com\/index.php\/author\/proyectosdigitales_desk\/"},"uagb_comment_info":0,"uagb_excerpt":"Ver\u00f3nica mis xv a\u00f1os 26 de Agosto de 2026 \u00a0Quince primaveras se asoman en tu rostro, la juventud florece con un dulce encanto, eres un sue\u00f1o hecho realidad, mi tesoro, un destello de luz en este mundo tanto.Tus ojos reflejan estrellas en el cielo, tu risa es m\u00fasica que alegra mi existencia, en tu mirada&hellip;","_links":{"self":[{"href":"https:\/\/proyectosdigitalesdesk.com\/index.php\/wp-json\/wp\/v2\/pages\/75","targetHints":{"allow":["GET"]}}],"collection":[{"href":"https:\/\/proyectosdigitalesdesk.com\/index.php\/wp-json\/wp\/v2\/pages"}],"about":[{"href":"https:\/\/proyectosdigitalesdesk.com\/index.php\/wp-json\/wp\/v2\/types\/page"}],"author":[{"embeddable":true,"href":"https:\/\/proyectosdigitalesdesk.com\/index.php\/wp-json\/wp\/v2\/users\/1"}],"replies":[{"embeddable":true,"href":"https:\/\/proyectosdigitalesdesk.com\/index.php\/wp-json\/wp\/v2\/comments?post=75"}],"version-history":[{"count":16,"href":"https:\/\/proyectosdigitalesdesk.com\/index.php\/wp-json\/wp\/v2\/pages\/75\/revisions"}],"predecessor-version":[{"id":109,"href":"https:\/\/proyectosdigitalesdesk.com\/index.php\/wp-json\/wp\/v2\/pages\/75\/revisions\/109"}],"wp:attachment":[{"href":"https:\/\/proyectosdigitalesdesk.com\/index.php\/wp-json\/wp\/v2\/media?parent=75"}],"curies":[{"name":"wp","href":"https:\/\/api.w.org\/{rel}","templated":true}]}}